{"id":50,"date":"2024-07-04T14:41:16","date_gmt":"2024-07-04T12:41:16","guid":{"rendered":"http:\/\/mb-meyer-bau.de\/Wordpress\/?page_id=50"},"modified":"2024-07-04T16:12:34","modified_gmt":"2024-07-04T14:12:34","slug":"ueber-uns","status":"publish","type":"page","link":"https:\/\/mb-meyer-bau.de\/Wordpress\/ueber-uns\/","title":{"rendered":"\u00dcber uns"},"content":{"rendered":"\n<p>Meyer Bau \u2013 Fachbetrieb f\u00fcr Hausbau, Hochbau und Sanierungen<\/p>\n\n\n\n<p>Seit 2007 sind wir f\u00fcr unsere Kunden t\u00e4tig und haben uns stetig weiterentwickelt. Was einst als kleines Unternehmen begann, das sich auf Bodenplatten und Anbauten spezialisierte, hat sich inzwischen zu einem etablierten Partner im Baugewerbe entwickelt. Heute agiert Meyer Bau mit einem engagierten Team, das umfassende Erfahrung in den Bereichen Sanierungen, Umbauten, dem Bau von B\u00fcrogeb\u00e4uden und gro\u00dfen Wohnimmobilien mit mehreren Wohneinheiten mitbringt.<\/p>\n\n\n\n<p>Unsere langj\u00e4hrige Pr\u00e4senz am Markt und die Vielzahl zufriedener Kunden zeigen, dass Meyer Bau ein zuverl\u00e4ssiger Partner rund um das Thema Bauen ist. Mit unserem fachkundigen und erfahrenen Team begleiten wir Sie durch alle Phasen Ihrer Bauprojekte. Dabei agieren wir nicht nur als Unterst\u00fctzer, sondern auch als Ideengeber, um Ihre Visionen erfolgreich umzusetzen.<\/p>\n\n\n\n<br><br>\n\n\n\n<p><\/p>\n\n\n\n<p><\/p>\n\n\n\n<p><\/p>\n\n\n\n<p><\/p>\n","protected":false},"excerpt":{"rendered":"<p>Meyer Bau \u2013 Fachbetrieb f\u00fcr Hausbau, Hochbau und Sanierungen Seit 2007 sind wir f\u00fcr unsere Kunden t\u00e4tig und haben uns stetig weiterentwickelt. Was einst als kleines Unternehmen begann, das sich auf Bodenplatten und Anbauten spezialisierte, hat sich inzwischen zu einem etablierten Partner im Baugewerbe entwickelt. Heute agiert Meyer Bau mit einem engagierten Team, das umfassende [&hellip;]<\/p>\n","protected":false},"author":1,"featured_media":0,"parent":0,"menu_order":0,"comment_status":"closed","ping_status":"closed","template":"","meta":{"site-container-style":"default","site-container-layout":"default","site-sidebar-layout":"default","site-transparent-header":"default","prose-style":"enable","disable-article-header":"default","disable-site-header":"default","disable-site-footer":"default","disable-content-area-spacing":"default","footnotes":""},"class_list":["post-50","page","type-page","status-publish","hentry"],"_links":{"self":[{"href":"https:\/\/mb-meyer-bau.de\/Wordpress\/wp-json\/wp\/v2\/pages\/50","targetHints":{"allow":["GET"]}}],"collection":[{"href":"https:\/\/mb-meyer-bau.de\/Wordpress\/wp-json\/wp\/v2\/pages"}],"about":[{"href":"https:\/\/mb-meyer-bau.de\/Wordpress\/wp-json\/wp\/v2\/types\/page"}],"author":[{"embeddable":true,"href":"https:\/\/mb-meyer-bau.de\/Wordpress\/wp-json\/wp\/v2\/users\/1"}],"replies":[{"embeddable":true,"href":"https:\/\/mb-meyer-bau.de\/Wordpress\/wp-json\/wp\/v2\/comments?post=50"}],"version-history":[{"count":6,"href":"https:\/\/mb-meyer-bau.de\/Wordpress\/wp-json\/wp\/v2\/pages\/50\/revisions"}],"predecessor-version":[{"id":93,"href":"https:\/\/mb-meyer-bau.de\/Wordpress\/wp-json\/wp\/v2\/pages\/50\/revisions\/93"}],"wp:attachment":[{"href":"https:\/\/mb-meyer-bau.de\/Wordpress\/wp-json\/wp\/v2\/media?parent=50"}],"curies":[{"name":"wp","href":"https:\/\/api.w.org\/{rel}","templated":true}]}}